 -23 - 1 - 11
8
Evaluate (0 - 9) + 5 - -9.
5
What is 2 - (3 + 4 + -2 + -6)?
3
What is (-5 - -11) + 6 - 15?
-3
What is the value of -32 + 30 + (0 - 3)?
-5
Evaluate 4 + -5 + 5 + -5 - 1.
-2
What is 1 + (2 + -3 - 4)?
-4
What is (4 - 1) + -7 - -3?
-1
What is -2 + (-1 - 0) + 2 + 5?
4
What is -8 - (-3 + 7 + 4 + -11)?
-5
Evaluate -1 + (12 + -7 - 0).
4
What is the value of -1 + (2 - -1) + (1 - -2)?
5
Calculate (-9 - -1) + 59 + -44.
7
Calculate 2 + -4 + 3 - (1 - 2).
2
What is the value of 3 - (4 + -8) - 5?
2
Calculate (-1 + -2 - (20 - 25)) + 2.
4
What is 0 + (15 + -1 - 9)?
5
What is 1 + (-1 - -1) - (-2 + -2)?
5
What is (2 - -1) + -1 + 4 + -8?
-2
What is 7 + (-4 - 2) - -7?
8
Evaluate 11 + -7 + -1 + -1 + -8.
-6
What is 27 - 18 - (5 + 0)?
4
What is the value of -7 + (-3 - -6) - (-5 - -7)?
-6
What is 7 + -3 - ((2 - 0) + 1)?
1
What is the value of (-3 + 0 - (1 + -3)) + 4?
3
What is the value of -9 + 10 + (1 - -2)?
4
What is -4 + 2 + -2 - (-7 + 3)?
0
2 + 6 + 0 + -3 + -1
4
Calculate 5 - (0 - 3) - 3.
5
What is 2 + 0 - (2 + 6)?
-6
Calculate 2 + (7 - 5) - 7.
-3
What is the value of -2 + 4 - (22 - 21)?
1
-7 + -2 + 2 + -17 + 21
-3
-1 + -3 - (2 + (-4 - -1))
-3
Calculate (-14 - -18 - (-2 - -11)) + 1.
-4
What is the value of 6 + -6 + 3 + -100 + 99?
2
Calculate (3 - 3 - 2) + 4.
2
Calculate (9 - -6 - 5) + -10.
0
What is the value of (-12 - -10) + 0 + (4 - -1)?
3
What is 4 + (3 + 0 - 4) + -5?
-2
What is 3 + (-1 - -3) + (-12 - -12)?
5
Calculate -1 + (5 - 6) + 6.
4
What is the value of -10 + 7 + 18 - 11?
4
3 + -9 - (0 - 2)
-4
(4 - -5) + -15 - -14
8
What is (-2 - (3 + -5)) + (2 - 0)?
2
Evaluate (2 - (15 - 9)) + -3.
-7
What is the value of (1 - 7) + -10 + 18?
2
What is the value of 11 - (4 + -2 - -3) - 1?
5
Calculate 1 + (-1 + -7 + 3 - -8).
4
Calculate -4 + (-6 - (-8 + -4)).
2
Evaluate -2 + 11 + -9 - (-8 - -2).
6
Calculate -1 - 4 - (-3 + -3).
1
What is -5 - ((3 - 0) + -2 + -1)?
-5
What is 13 - (8 + -22 + 17)?
10
Calculate (-5 - -2 - -2) + 1.
0
What is 0 + 2 + 2 - 1?
3
What is the value of (-1 + 1 - -1) + (-41 - -39)?
-1
-58 - -63 - (-1 + 1)
5
What is the value of 1 - -1 - (-3 + 10)?
-5
Evaluate -8 + 2 + 3 + 6.
3
(-3 + 1 + 2 - 2) + 3
1
Evaluate -10 - (-2 + (-5 - -2)).
-5
-4 - (1 - (-4 + (2 - -2)))
-5
What is the value of 5 + -7 - (-2 + 0 - 0)?
0
Evaluate -8 - 9 - -8 - -4.
-5
Evaluate -1 + (2 + 0 - (-2 - 0)).
3
Evaluate 11 + (6 - 5 - 8).
4
Calculate -9 - (-7 + 2) - -6.
2
(5 + -3 - -5) + -3 - -1
5
Calculate 0 + (7 + -1 - (7 + -2)).
1
What is the value of -3 + -6 + 4 + 3?
-2
Evaluate -11 + (0 - 5 - -13).
-3
What is the value of -49 - -51 - (-1 + 4) - -7?
6
Calculate -1 - -4 - (1 - -8).
-6
Calculate 1 - (-2 - (-3 - 1)).
-1
What is the value of (-2 - -1) + -10 + 14?
3
What is -4 + -2 + (4 - -1)?
-1
-8 - ((-4 - -1) + (-34 - -36))
-7
What is the value of 0 + -8 + -2 + 4 + -1?
-7
What is -8 - (-1 + -4 + (-13 - -16))?
-6
Calculate -4 - ((5 - 3) + -1 + 0).
-5
Evaluate -11 - (-4 + 5 + -5) - -4.
-3
What is the value of 3 + -10 - (1 - 1)?
-7
Calculate 15 + (1 - (0 + 10)).
6
What is the value of 5 - -2 - (7 - (4 + -3))?
1
Calculate -2 + 1 - (8 + -4 + 0).
-5
What is 21 + -21 - (5 + 0)?
-5
Calculate -3 + (2 - 0 - 2) + 4.
1
Evaluate (-10 - -3) + 2 - -10.
5
What is 6 + -10 + 0 + 10 + 1?
7
Calculate 12 + -18 + -8 + 4 + 7.
-3
What is (4 - (3 + 2)) + (-4 - -4)?
-1
What is the value of 1 + -4 + (-2 - 0)?
-5
Calculate 3 + -2 - (1 + 4).
-4
-2 - (-8 - -12 - (6 + 1))
1
Evaluate (4 - 0) + 18 + -14 + 1.
9
What is the value of 1 + (10 + -6 - 10)?
-5
4 + -1 + 12 + -13
2
Calculate (5 - (2 - 1)) + -3 - 4.
-3
Evaluate 3 + -3 + (2 - -4).
6
What is the value of 0 + 3 + 4 + -13 + 0?
-6
Calculate -4 + 5 - 2 - 5 - -4.
-2
6 + -5 - 7 - -11
5
What is -1 + -1 + 6 - 7?
-3
What is -1 + 3 + 1 + 15 + -15?
3
What is the value of 4 + 4 + -12 - (0 + 0)?
-4
What is -7 + (-4 - (5 + -15))?
-1
What is the value of -3 + (7 + -6 + 2 - -3)?
3
Calculate -2 + 2 + 1 + (23 - 26).
-2
What is the value of -3 + -3 + 21 + -9?
6
What is -4 - 5 - (-5 - -1)?
-5
Evaluate -4 + -1 + 3 + 6 + -9.
-5
What is the value of -14 + 8 - -4 - 0?
-2
Calculate 1 - -1 - (12 - 13).
3
3 - (2 - (0 - -5))
6
Calculate -1 + -3 - (2 + (3 - 9)).
0
Evaluate -2 - -2 - (60 - 67).
7
Calculate -4 - (3 - 3) - -1.
-3
What is the value of 6 + 5 + -20 + 16?
7
Calculate 11 + -24 + 10 + 4.
1
Calculate (-2 - -1) + 6 - 6.
-1
8 + (4 - 10) - -4
6
What is 0 - (12 - 15) - (-2 + -1)?
6
What is the value of -7 + (11 - (17 + -10))?
-3
What is (-3 + 5 + 6 - 3) + 0?
5
What is the value of (17 - 17) + -8 + 2?
-6
Evaluate 3 + (1 - (-1 - -1)).
4
What is -3 - (-1 + 6 + -10)?
2
What is the value of -2 - (1 + -3 - (-7 + 5))?
-2
What is the value of (3 - 4 - 0) + 4 - -2?
5
What is -12 + 14 + -8 + (1 - 1)?
-6
Evaluate (-5 + 6 - -1) + 0 - 2.
0
-5 - (-1 - (1 - -2))
-1
What is the value of (-1 - 2) + (23 - 16)?
4
What is -5 + (4 + -3 - (0 - 0))?
-4
3 - 6 - -5 - 4
-2
What is (-1 - 0) + -11 + 15?
3
What is the value of 6 - (4 + 2 + -4)?
4
Evaluate (0 - -4) + -29 + 21 - -12.
8
What is the value of (4 - 2) + (29 - 28)?
3
Calculate -7 - (0 - (4 + (-6 - -4))).
-5
Calculate (0 - 2) + 2 + (15 - 19).
-4
Evaluate 1 + -3 + 2 + -2.
-2
(-5 - -1) + (8 - 1)
3
Evaluate 1 - (-5 + -3 + 6 - 2).
5
Calculate 0 + 7 + (-67 - -59).
-1
Evaluate -6 + (-1 - -5) - -1.
-1
What is the value of -2 + 0 - -7 - (10 + -6)?
1
What is 0 + 3 + 1 + -5?
-1
Calculate -13 + (-5 - -12) + 8.
2
Evaluate -1 + -7 + (-1 - -6).
-3
Calculate (4 - (-3 - -8 - 1)) + -3.
-3
Calculate 65 - 61 - (-4 - -2).
6
What is -2 + 1 - -3 - (11 - 14)?
5
Calculate 6 + (-1 + -12 - (4 + -7)).
-4
Calculate 5 - 3 - (3 + -4).
3
Evaluate -2 - -3 - (1 + -10 + 3).
7
What is the value of (-11 - -3) + 12 + 0?
4
What is the value of -5 - (4 - (5 + 4)) - -3?
3
Evaluate (3 - (1 - -3)) + -1.
-2
Calculate 0 + (-4 - 2) + 31 + -29.
-4
-8 + (2 - -6) - -6
6
What is -16 - -3 - -3 - -5?
-5
What is the value of (-3 - (1 + -1)) + (51 - 43)?
5
What is the value of 7 + -1 + -6 + 3?
3
Evaluate 1 + (-3 - -1) + 6.
5
Evaluate 3 + 6 + -10 + 4 + 1.
4
What is 4 + 0 + (-4 - -2) - -1?
3
Evaluate 13 + -3 + -25 - -23.
8
What is the value of 8 + -10 - -8 - 4?
2
Calculate 7 + (-4 - -9 - 4).
8
(-2 - 5) + (-5 - (-18 + 13))
-7
Calculate (6 - 14 - -2) + 9.
3
What is the value of -7 + (2 - (-2 - 1))?
-2
Calculate (3 - -7) + -14 - (-9 + -1).
6
What is the value of 9 + -5 - 5 - 2?
-3
Calculate 0 + (3 - 7) + 6.
2
What is the value of 1 + 5 + -1 + -1?
4
0 + (-4 - -4) + 5
5
Calculate 2 + -3 + 4 - (1 - -7).
-5
Evaluate -5 - (-2 + 4 - -3) - -4.
-6
What is the value of 3 + 1 - ((8 - 4) + 7)?
-7
What is the value of 3 - (5 + 14 + -11)?
-5
2 - ((3 - 4 - 1) + 6)
-2
6 + (-1 - 2) - (3 - 0)
0
Calculate 0 - 6 - 1 - -4.
-3
What is the value of -297 + 308 - ((2 - 1) + 1)?
9
Evaluate (14 - 28) + (1 - (-6 - -3)).
-10
Evaluate 8 + (2 - -4 - 8).
6
What is (-3 - (-1 - -3)) + (-11 - -12)?
-4
What is the value of 0 + 5 - (5 - (7 + -3))?
4
Calculate (-2 - -2) + 3 + -6 - 0.
-3
What is 15 + -3 + 1 + -8?
5
Calculate -5 - -1 - (-11 + 2).
5
What is the value of (0 - (0 - -7)) + 7 + -5?
-5
Calculate -3 - ((-6 - 2) + (2 - 0)).
3
Calculate -1 + (1 - (-2 - (-1 - 6))).
-5
Evaluate 0 + 7 - (0 + 3).
4
What is -1 + (-3 - -3) + -2?
-3
Evaluate -5 + -3 + -5 + (19 - -1).
7
What is 4 + -6 + (2 - -1) + -1?
0
Evaluate -1 + -6 + (-21 - -30).
2
Evaluate -10 + 9 + 0 + -4.
-5
-6 + (2 + -2 - -5) - 1
-2
(6 - (5 + 12)) + 19
8
What is -1 + (-5 - (-4 - 0) - -5)?
3
Evaluate 4 + -2 - (-4 + 1).
5
Evaluate 10 + (2 - -5 - 16).
1
Evaluate 14 - 21 - (-3 - -2).
-6
Evaluate -2 + 6 + -5 + -3 - -9.
5
What is -7 + (8 - 6 - -5)?
0
-6 + 8 + (7 - (-5 - -12))
2
What is -40 - -45 - (9 + 1)?
-5
Evaluate (6 - (8 - 0)) + 4.
2
What is 1 + (-5 - -6) - -2?
4
What is the value of 1 - (4 + -1 + -8)?
6
What is the value of -6 - (2 - 10) - 4?
-2
Evaluate -2 - (-3 - (-2 - 1)).
-2
Calculate 11 - 8 - (0 - -5) - -2.
0
Evaluate 3 + 0 + -3 + 3 + 3.
6
Calculate (-2 + 5 - 1 - 2) + 2.
2
What is the value of 5 + 2 + -6 + 4?
5
Evaluate 8 + -10 + 13 - 9.
2
Evaluate -2 + 10 + (0 + 1 - 9).
0
Calculate -6 + 3 + 5 - -3.
5
Calculate -9 - (4 - 9) - -5 - 7.
-6
Calculate 1 - (1 + 3 + -3).
0
Calculate 1 - -7 - (-12 - -19).
1
5 + 3 + -23 + 14
-1
Evaluate -3 + (-4 - -9) - (4 + 0).
-2
Calculate (21 - 23) + -1 + 3.
0
Calculate -8 + (-2 - -7) + 2 - 3.
-4
What is 4 + 0 + (0 - 5)?
-1
What is -7 + 1 + 4 - (4